, 139
List the prime factors of 43355.
5, 13, 23, 29
What are the prime factors of 1030?
2, 5, 103
List the prime factors of 14831.
14831
What are the prime factors of 1846?
2, 13, 71
List the prime factors of 43073.
19, 2267
What are the prime factors of 37408?
2, 7, 167
What are the prime factors of 4536?
2, 3, 7
What are the prime factors of 27102?
2, 3, 4517
List the prime factors of 66331.
113, 587
List the prime factors of 3223.
11, 293
What are the prime factors of 1845?
3, 5, 41
What are the prime factors of 3945?
3, 5, 263
List the prime factors of 939.
3, 313
List the prime factors of 409.
409
List the prime factors of 122862.
2, 3, 20477
List the prime factors of 7352.
2, 919
What are the prime factors of 47570?
2, 5, 67, 71
What are the prime factors of 61179?
3, 20393
What are the prime factors of 13761?
3, 11, 139
What are the prime factors of 466?
2, 233
What are the prime factors of 4779?
3, 59
List the prime factors of 6116.
2, 11, 139
What are the prime factors of 11251?
11251
What are the prime factors of 94?
2, 47
List the prime factors of 6510.
2, 3, 5, 7, 31
What are the prime factors of 8103?
3, 37, 73
List the prime factors of 703.
19, 37
What are the prime factors of 78799?
7, 11257
What are the prime factors of 8174?
2, 61, 67
List the prime factors of 4431.
3, 7, 211
What are the prime factors of 89181?
3, 367
List the prime factors of 43780.
2, 5, 11, 199
What are the prime factors of 47276?
2, 53, 223
List the prime factors of 4192.
2, 131
List the prime factors of 61013.
17, 37, 97
What are the prime factors of 4332?
2, 3, 19
List the prime factors of 7560.
2, 3, 5, 7
List the prime factors of 57170.
2, 5, 5717
What are the prime factors of 351?
3, 13
List the prime factors of 1741.
1741
List the prime factors of 1389.
3, 463
What are the prime factors of 2801?
2801
List the prime factors of 36086.
2, 18043
What are the prime factors of 13911?
3, 4637
What are the prime factors of 1419?
3, 11, 43
List the prime factors of 118619.
118619
What are the prime factors of 39844?
2, 7, 1423
What are the prime factors of 1930?
2, 5, 193
List the prime factors of 692.
2, 173
List the prime factors of 23299.
23, 1013
What are the prime factors of 37811?
37811
List the prime factors of 6631.
19, 349
List the prime factors of 8312.
2, 1039
List the prime factors of 11799.
3, 19, 23
What are the prime factors of 50774?
2, 53, 479
What are the prime factors of 6422?
2, 13, 19
List the prime factors of 881.
881
What are the prime factors of 42054?
2, 3, 43, 163
What are the prime factors of 274?
2, 137
List the prime factors of 6441.
3, 19, 113
What are the prime factors of 13263?
3, 4421
List the prime factors of 200.
2, 5
List the prime factors of 3552.
2, 3, 37
What are the prime factors of 4038?
2, 3, 673
What are the prime factors of 25349?
25349
What are the prime factors of 6684?
2, 3, 557
What are the prime factors of 79987?
79987
List the prime factors of 5506.
2, 2753
What are the prime factors of 11109?
3, 7, 23
List the prime factors of 25890.
2, 3, 5, 863
List the prime factors of 17828.
2, 4457
What are the prime factors of 237?
3, 79
List the prime factors of 3142.
2, 1571
List the prime factors of 3147.
3, 1049
What are the prime factors of 3433?
3433
What are the prime factors of 11232?
2, 3, 13
List the prime factors of 5923.
5923
List the prime factors of 1863.
3, 23
List the prime factors of 3468.
2, 3, 17
List the prime factors of 16402.
2, 59, 139
List the prime factors of 10580.
2, 5, 23
What are the prime factors of 3814?
2, 1907
What are the prime factors of 85257?
3, 9473
List the prime factors of 635.
5, 127
List the prime factors of 2844.
2, 3, 79
List the prime factors of 16846.
2, 8423
List the prime factors of 8104.
2, 1013
List the prime factors of 117881.
117881
List the prime factors of 6603.
3, 31, 71
List the prime factors of 6460.
2, 5, 17, 19
What are the prime factors of 31277?
31277
List the prime factors of 2069.
2069
List the prime factors of 310.
2, 5, 31
What are the prime factors of 3470?
2, 5, 347
List the prime factors of 96.
2, 3
What are the prime factors of 2283?
3, 761
What are the prime factors of 2685?
3, 5, 179
List the prime factors of 9938.
2, 4969
List the prime factors of 57930.
2, 3, 5, 1931
List the prime factors of 159893.
127, 1259
List the prime factors of 995.
5, 199
List the prime factors of 19264.
2, 7, 43
What are the prime factors of 69?
3, 23
What are the prime factors of 98?
2, 7
What are the prime factors of 141012?
2, 3, 3917
List the prime factors of 74025.
3, 5, 7, 47
List the prime factors of 921.
3, 307
List the prime factors of 952.
2, 7, 17
List the prime factors of 4873.
11, 443
List the prime factors of 91394.
2, 45697
List the prime factors of 13723.
13723
What are the prime factors of 5129?
23, 223
List the prime factors of 6182.
2, 11, 281
List the prime factors of 1765.
5, 353
What are the prime factors of 9654?
2, 3, 1609
What are the prime factors of 4741?
11, 431
What are the prime factors of 418?
2, 11, 19
List the prime factors of 976.
2, 61
What are the prime factors of 12295?
5, 2459
What are the prime factors of 5651?
5651
What are the prime factors of 129565?
5, 25913
What are the prime factors of 28120?
2, 5, 19, 37
List the prime factors of 41670.
2, 3, 5, 463
What are the prime factors of 15134?
2, 7, 23, 47
List the prime factors of 52776.
2, 3, 733
List the prime factors of 27712.
2, 433
What are the prime factors of 836?
2, 11, 19
List the prime factors of 781.
11, 71
What are the prime factors of 1370?
2, 5, 137
List the prime factors of 16625.
5, 7, 19
What are the prime factors of 8691?
3, 2897
List the prime factors of 5762.
2, 43, 67
List the prime factors of 59330.
2, 5, 17, 349
What are the prime factors of 176759?
11, 16069
What are the prime factors of 5963?
67, 89
List the prime factors of 4377.
3, 1459
List the prime factors of 28139.
19, 1481
List the prime factors of 18599.
7, 2657
List the prime factors of 47358.
2, 3, 877
What are the prime factors of 4748?
2, 1187
What are the prime factors of 2479?
37, 67
List the prime factors of 2389.
2389
What are the prime factors of 18053?
7, 2579
What are the prime factors of 35413?
7, 5059
List the prime factors of 1106.
2, 7, 79
What are the prime factors of 6033?
3, 2011
What are the prime factors of 894?
2, 3, 149
What are the prime factors of 29174?
2, 29, 503
List the prime factors of 894.
2, 3, 149
What are the prime factors of 24396?
2, 3, 19, 107
What are the prime factors of 23952?
2, 3, 499
List the prime factors of 14520.
2, 3, 5, 11
What are the prime factors of 3354?
2, 3, 13, 43
List the prime factors of 340.
2, 5, 17
List the prime factors of 3521.
7, 503
List the prime factors of 26107.
26107
List the prime factors of 310.
2, 5, 31
List the prime factors of 6889.
83
List the prime factors of 3626.
2, 7, 37
What are the prime factors of 94884?
2, 3, 7907
List the prime factors of 13828.
2, 3457
List the prime factors of 110747.
7, 13, 1217
What are the prime factors of 22948?
2, 5737
List the prime factors of 1005.
3, 5, 67
List the prime factors of 3400.
2, 5, 17
What are the prime factors of 8248?
2, 1031
What are the prime factors of 758?
2, 379
What are the prime factors of 1422?
2, 3, 79
List the prime factors of 10513.
10513
List the prime factors of 6126.
2, 3, 1021
List the prime factors of 261.
3, 29
List the prime factors of 446.
2, 223
What are the prime factors of 31654?
2, 7, 17, 19
List the prime factors of 58922.
2, 17, 1733
List the prime factors of 12984.
2, 3, 541
List the prime factors of 5096.
2, 7, 13
What are the prime factors of 26865?
3, 5, 199
What are the prime factors of 29340?
2, 3, 5, 163
What are the prime factors of 12730?
2, 5, 19, 67
List the prime factors of 1171.
1171
What are the prime factors of 6910?
2, 5, 691
List the prime factors of 86717.
17, 5101
What are the prime factors of 13456?
2, 29
What are the prime factors of 837?
3, 31
What are the prime factors of 191?
191
What are the prime factors of 117?
3, 13
What are the prime factors of 1034?
2, 11, 47
List the prime factors of 48567.
3, 16189
What are the prime factors of 3815?
5, 7, 109
What are the prime factors of 2613?
3, 13, 67
What are the prime factors of